u. Suppose 30 = -0*x + 5*x. What is the remainder when i is divided by x?
5
Suppose 3*d = -12, -5*d + 6 = 5*g - 29. Suppose 4 = n - g. Suppose -20*r + 644 - 84 = 0. What is the remainder when r is divided by n?
13
Suppose -8 = m + 3*n, 0*m - 5*m + n = 24. Let c be (8 + 2)*(-8)/m. Suppose -5*q = c - 46. Calculate the remainder when 17 is divided by q.
5
Let i(b) = -b**3 - 6*b**2 + 8*b + 16. What is the remainder when 35 is divided by i(-7)?
8
Let n(s) = s**3 - 4*s**2 - 5*s + 3. Let o be n(5). Suppose 0 = -o*k + 35 - 8. Calculate the remainder when k is divided by 5.
4
Let u = 25 + -9. Suppose -59 + u = -t. Calculate the remainder when t is divided by 11.
10
Suppose -9*j = -3*j - 24. Suppose 2*n - 3*n + 107 = 4*d, 0 = -d + j*n + 31. What is the remainder when d is divided by 15?
12
Suppose 2*a - 3*k + 0 = 6, -4 = a - 5*k. Let z = 12 - 14. Let f(t) = -5*t. What is the remainder when f(z) is divided by a?
4
Calculate the remainder when 33 is divided by 21 - ((-36)/28 - -1)*-14.
16
Suppose 5*n - l - 48 = 0, 2*n + 2*l - 9 = 3. Let k(w) = w**2 - 8*w + 4. Calculate the remainder when 49 is divided by k(n).
10
Suppose 3*f = 3*q - 162, -60 = -0*q - q - 5*f. Calculate the remainder when q is divided by 14.
13
Let d be (-40)/(-12)*18/(-5). Let p = 20 + d. What is the remainder when 22 is divided by p?
6
Suppose -4*t = -5*f - 8, -2*t + 6 = -f - 4. What is the remainder when 19 is divided by t?
5
Suppose d = -2*y + 2*d - 32, 2*y + 32 = -d. Let v = y + 29. What is the remainder when (-2)/(-9) - (-446)/18 is divided by v?
12
Suppose -12 = 4*s + 24. Let q be (-8)/(-36) + (-2428)/s. Suppose -4*n + 5*x = -185, 4*n - q = 4*x - 90. What is the remainder when n is divided by 21?
19
Suppose 10*n - 417 - 73 = 0. What is the remainder when n is divided by 25?
24
Let d be -3 + 6 + (-2 - -1). Suppose d*l = -l + 126. Calculate the remainder when l is divided by 15.
12
Suppose 0*m - 5*m = -85. Calculate the remainder when m is divided by 4.
1
Suppose 2*o + 412 = 6*o. Calculate the remainder when o is divided by 35.
33
Suppose -18 = -3*k - 2*s, 0*s - 30 = -3*k + 2*s. What is the remainder when 15 is divided by k?
7
Let n = -3 + 9. What is the remainder when n is divided by 3?
0
Suppose 0 = 4*u + 5*o - 70, 0*o = 5*u + o - 77. Suppose 0 = -p + 2 - 19. Let h = p - -25. Calculate the remainder when u is divided by h.
7
Let t(o) = -o**2 - 11*o + 7. Let c be t(-8). Suppose 0*d - d = -c. What is the remainder when d is divided by 11?
9
Calculate the remainder when 30 is divided by 108/(-8)*(-4)/6.
3
Suppose 0 = 5*w + m - 152, -4*w + 3*m + 144 = w. Calculate the remainder when 119 is divided by w.
29
Suppose -l - 104 = -2*f + l, 0 = 5*l - 20. Suppose 24 = 4*n + x - 21, 0 = -n - 2*x + 6. What is the remainder when f is divided by n?
8
Let x be -7 - 4 - 3/(-1). Let u be 12/x*(-20)/6. Suppose -u*a = r - 48, -4*a + 5*r = -5*a. What is the remainder when a is divided by 4?
2
Let j(b) = -2*b - 7. Let s be j(-5). Suppose -101 = -2*y + s*l, y + 0*y = 3*l + 58. Suppose 3*n = -y + 133. What is the remainder when n is divided by 16?
14
Let h(l) = 6*l - 11. Let n be h(13). Suppose 5*k = -2*x + 71, -5*k - 5*x + n = -x. Calculate the remainder when 28 is divided by k.
13
Let g(p) = 32*p. Let o be g(-2). Let q = o + 96. Suppose 2*m - 4*m + 47 = -5*v, -3*m + 5*v = -58. Calculate the remainder when q is divided by m.
10
Suppose 0 = -c - 55 - 33. Let n = c + 160. Calculate the remainder when n is divided by 25.
22
Let q(c) = -c**2 - 4*c + 5. Suppose -4*x = 3*o + 12, -2*o - 3*o - 20 = 2*x. Suppose 63*h + 42 = 66*h. What is the remainder when h is divided by q(o)?
4
Suppose 5*x - 16 = 2*w, -4*w - 4 = -2*x + 12. Let q(v) = 2 + v - v**3 - v - 5*v**x - v**2. Calculate the remainder when 5 is divided by q(-6).
1
Let o(n) = -n**3 + 3*n**2 + n - 1. Let j be o(3). Let y be (-92 - j) + (-1 - 1). Calculate the remainder when (-8)/(-28) - y/7 is divided by 5.
4
Suppose 0 = l + 3*l - 56. What is the remainder when l is divided by 9?
5
Let b be 23/2 + 9/6. Calculate the remainder when 57 is divided by (0 - -1 - -1) + b.
12
Suppose 21 = k + 9. Suppose -3*l - 12 - 86 = -4*d, -4*d - 5*l + 82 = 0. What is the remainder when d is divided by k?
11
Let x = -34 - -86. Calculate the remainder when x is divided by 14.
10
Let s(d) = -d + 12. What is the remainder when s(9) is divided by 2?
1
Suppose -81 = -6*k + 3*k. Suppose 2*j - k = 23. What is the remainder when j is divided by 9?
7
Suppose j + 25 = 2*j + 3*w, 0 = 3*j - 3*w - 123. Suppose -5*g = -m + 19, m = -0*m - g + j. What is the remainder when m is divided by 18?
16
Let a be -5 + -3 - (0 + 1). Let u = -6 - a. Calculate the remainder when 8 is divided by u.
2
Let v be (-10)/(4/(-4)*2). Suppose 5*m - 189 + 33 = -3*s, -4*s - v*m = -203. Calculate the remainder when s is divided by 12.
11
Suppose -2*p = p - 3*i - 45, 5*p = -i + 81. Calculate the remainder when 77 is divided by p.
13
Let c be (-8)/(-3)*(-45)/12. What is the remainder when -1*2*115/c is divided by 6?
5
Suppose -9*k + 21 = -33. Let h be (-5)/(10/4) + 22. What is the remainder when (-8)/h + (-57)/(-5) is divided by k?
5
Let d(v) = 5*v - 10. What is the remainder when 7 is divided by d(3)?
2
Suppose -4*p = -5*p + 11. Calculate the remainder when 41 is divided by p.
8
Let j(w) = 2*w**2 + w + 3. Let n be j(3). Suppose 2*z + 2*m - 6 = n, 0 = -4*z - 5*m + 65. What is the remainder when z is divided by 3?
1
Let u(s) = -s. Let t be u(-2). Suppose 3*a + 20 = -t*a. Calculate the remainder when (-82)/a*(0 + 2) is divided by 14.
13
Let s = 6 - 4. Suppose 3*p = -2*l + 43, p = s*p - 5. Calculate the remainder when l is divided by 4.
2
Suppose -5*u - 3*k + k + 115 = 0, 4*k = 3*u - 43. Let h(z) = -25*z - 8*z + z - 9*z. What is the remainder when h(-1) is divided by u?
20
What is the remainder when (1 + 2 - 2)*157 is divided by 20?
17
Suppose -3*r + 3*v = -39, 3*r - 6*v - 43 = -2*v. Calculate the remainder when r is divided by 2.
1
Let r = 31 + -15. Let m(b) = b**2 - 16*b + 26. What is the remainder when m(18) is divided by r?
14
Let p(i) be the first derivative of 21*i**2/2 - i - 4. Let g be p(2). Let m = 71 - g. Calculate the remainder when m is divided by 8.
6
Suppose f = -6 - 3. Let b = f + 15. Suppose b*l = 3*l + 6. What is the remainder when 5 is divided by l?
1
Suppose -w + 4*z + 9 = 0, 3*w + 3 = 4*z + 14. What is the remainder when 7 is divided by w?
0
Let y = -5 - 98. Let i = y + 180. What is the remainder when i is divided by 26?
25
Let h(k) = 4*k**2 - 2*k - 2. Calculate the remainder when h(5) is divided by 23.
19
Suppose -2*h + 4 = -h. Let m = 22 + h. What is the remainder when m is divided by 14?
12
Suppose 2*q + 2*q + 4*w - 16 = 0, q + 3*w = 4. Suppose q*j - 190 = -j. Calculate the remainder when j is divided by 20.
18
Suppose 5*m = 4*g - 45, -5*g - 2*m + 2 = -13. Suppose 0 = -g*j - 3*o + 29, -5 = 3*o + 1. What is the remainder when 27 is divided by j?
6
What is the remainder when (40/3)/(14/63) is divided by 16?
12
Let q = 27 - 20. Calculate the remainder when 10 is divided by q.
3
Suppose 5*x - 7 = -r, -2*x = 4*r - 0*x - 10. Suppose 0*a - 3*a + 69 = -m, -a - r*m = -16. Calculate the remainder when a is divided by 12.
10
Let s be (0 - (1 - 3))*2. Suppose 2*r + 30 = -0*q + 2*q, -s*q = 5*r - 33. What is the remainder when 34 is divided by q?
10
Calculate the remainder when 141 is divided by (-284)/(-12) + (-10)/(-3) + -3.
21
Calculate the remainder when 43 is divided by ((-2)/5)/(3/(-90)).
7
Let g be (52 + 5)/(1/2). Suppose -5*h = -2*h - g. Calculate the remainder when h is divided by 10.
8
Let x be (-1)/1*34*-1. Suppose p - 3*p + x = 0. What is the remainder when p is divided by 9?
8
Let v = 17 + 41. Calculate the remainder when v is divided by 15.
13
Let f(v) = -34*v + 2. Let n be f(-2). Let g be (-2)/(2 - 1) + n. Suppose m = -m + g. What is the remainder when m is divided by 18?
16
Let f(b) = -20*b**3 - 3*b - 2. Suppose 4*c = -0*c. Suppose -4*k - 36 = -d, k - 1 = -c*k. Calculate the remainder when d is divided by f(-1).
19
Suppose 10 = -k + l + 57, 0 = 5*l - 10. Let i(y) = y**3 - 6*y**2 + 3*y - 1. Calculate the remainder when k is divided by i(6).
15
Let m be -3*6/9 + 7. Suppose -l - 163 = w - 4*w, m*w - 261 = -l. What is the remainder when w is divided by 14?
11
Suppose 3*r + 0*r = -2*m - 30, -2*r - 